 n be c(-1). Suppose 3*p + 5*t - s = -p, 0 = p + n*t - 14. What is the tens digit of p?
1
Let i = 14 + 5. What is the units digit of i?
9
Let m = -17 - -29. What is the tens digit of m?
1
Let v(d) = -19*d**2 + 2*d - 1. Let o be v(1). Let s = o + 26. What is the units digit of s?
8
Suppose 5*l + 20 = 0, 6*y - 262 = y - 2*l. Let w = y + -17. What is the units digit of w?
7
Suppose -3*p + 8*p = -25, -32 = 3*u + 4*p. Let c(m) = -3*m + 8. What is the tens digit of c(u)?
2
Let x(y) = -14*y**2 - 3*y. Let m(s) = -15*s**2 - 2*s. Let w(r) = -4*m(r) + 3*x(r). What is the units digit of w(-1)?
9
Let z be 2/5 - (-44)/(-10). Let d be (-26)/(-4) - (-2)/z. Let n(s) = 4*s - 7. What is the tens digit of n(d)?
1
Suppose 4*l - 405 = -l. What is the units digit of l?
1
Let b(w) be the third derivative of -w**6/60 - w**5/30 - w**4/12 - w**2. Let i be b(-2). What is the tens digit of (-4)/i*60/(-2)?
1
Let r = 1 - -4. Let x be r/2*16/10. Suppose -20 - 8 = -x*j. What is the units digit of j?
7
Let i(w) = w**3 - 9*w**2 + 7*w + 10. Let t = 19 - 11. Let m be i(t). Suppose r + m*r - 9 = 0. What is the units digit of r?
3
Let j(c) be the third derivative of -c**4/24 + c**3/3 + 3*c**2. Let d be j(-5). Let n = 8 - d. What is the units digit of n?
1
Let q = 26 + -17. Let s = -17 + q. Let j(m) = m**2 + 8*m + 1. What is the units digit of j(s)?
1
What is the tens digit of (-2140)/(-16) - (-3)/(-4)?
3
Suppose 0 = 4*r - 6 - 6. Suppose 0*w - 15 = -r*w. Suppose 4*s - w = 3. What is the units digit of s?
2
Let q(s) = s**2 - s - 3. Suppose -2*x = 3*c - 6*x - 18, 0 = -4*c + 4*x + 20. Let b = 1 + c. What is the units digit of q(b)?
3
Let a(c) = 94*c**2 - 3*c - 1. What is the tens digit of a(-1)?
9
What is the units digit of (-59)/(5/(-4) - 2/(-8))?
9
What is the tens digit of (-16)/(-56) + (-528)/(-14)?
3
Let w = 2 + -2. Suppose -2*d - 1 = d - s, w = -2*s + 8. What is the units digit of d?
1
Let p be (-18)/5 - 16/40. What is the units digit of (2/p)/(3/(-66))?
1
Let r = -4 - -5. Suppose 2*t = 3*t + r. Let i(s) = 13*s**2 + 2*s + 1. What is the tens digit of i(t)?
1
Let g = 11 + -11. Let k(h) = -h**3 + h**2 + h + 30. What is the tens digit of k(g)?
3
Suppose 0 = 3*w - 3*n + 30, -5*n + 3*n = -6. Let g = -2 - w. Suppose 0 = g*a - 3*l - 48, -2*a + 13 = -l - 7. What is the units digit of a?
2
Suppose 0 = -5*y + 3*o - 18, 3*y + 22 = o - 2*o. Let m be 3 - -3*14/y. Let v(x) = x**2 + x - 3. What is the units digit of v(m)?
9
Suppose -6 = 2*d - 8. What is the units digit of -2*12/(-8)*d?
3
Suppose -4*h - 2*y = -0*y - 40, -5*h - 4*y = -44. What is the units digit of 110/h - 3/18?
9
Suppose -3*s - 41 = -t, t = 4*s + 34 + 11. Suppose 13*v = 16*v. Suppose v = -4*i + g + 13, g - t = -2*i + 6*g. What is the units digit of i?
2
Let w = -25 - -38. Suppose 0*v = v - w. Suppose -5*q + 17 = -v. What is the units digit of q?
6
Suppose -2*s - 4 = l + 3, 0 = -3*s + 2*l + 7. Let p be 22 - -1*(2 - s). Let n = -16 + p. What is the units digit of n?
9
Let j = -24 - -10. Let l be (j/4)/((-1)/2). Suppose -2*c - 15 = -l*c. What is the units digit of c?
3
Let i be (1 + -5)/(6/(-39)). Let s(r) = -7*r. Let b be s(-1). Let d = i - b. What is the tens digit of d?
1
What is the units digit of (-13)/(-1 + 3/6)?
6
Let d = 4 + -1. Suppose 2*y = 2*v - 1 + d, y - 3*v + 3 = 0. What is the units digit of y?
3
Let v be 2/1 + 1/1. Suppose -10 = 2*d + 5*f, 2*f + 0*f + 4 = v*d. What is the units digit of -1 - (-1 + d - 5)?
5
What is the tens digit of 3/(-15) + (-993)/(-15)?
6
Suppose 3*w = -5*b + 128, 0*b + 148 = 5*b - 2*w. What is the units digit of b?
8
Let a(r) = -4*r - 1. What is the tens digit of a(-7)?
2
Suppose 5*o - 3*o = 3*q - 8, -3*o = q - 10. Suppose 6 = -o*f - 36. What is the units digit of (-6)/f + 94/14?
7
Let q be 5 - 1/((-2)/4). Let m = q + -4. Suppose 0*t - 3*t - 4*f + 47 = 0, -59 = -5*t + m*f. What is the tens digit of t?
1
Let n(t) = -t**2 + 6*t + 3. Let v be n(6). Let o be (v/4)/((-1)/(-4)). Suppose 2*u - 3*q = o*u - 1, -2*u - 4*q = -8. What is the tens digit of u?
1
Let f = -57 - -172. What is the hundreds digit of f?
1
Let j(b) be the second derivative of b**3/3 - 9*b**2 + 5*b. What is the tens digit of j(14)?
1
Suppose 3*c = -0*t - 3*t + 9, -3*t - c + 5 = 0. Suppose -5*u - 3*f = -11, u + 3*f + t = 4*f. What is the units digit of u?
1
Let t(u) = 40*u + 2. Let l(x) = -4*x - 7. Let o be l(-2). What is the units digit of t(o)?
2
Suppose -n - 4*n = -230. What is the units digit of n/(-5)*25/(-10)?
3
What is the units digit of ((-13)/(-26))/((-2)/(-72))?
8
Suppose -4*z - 2 + 10 = 0. Let q be 1/((2 + -1)*-1). What is the tens digit of q - (-1*z + -9)?
1
Let o(x) = -3*x + 0 + x + 2 + x**3. Let d(p) = -4*p**2 - 11*p - 4. Let g be d(-2). What is the units digit of o(g)?
6
Suppose 0*p + 4*p - 5*t - 373 = 0, -3*t - 15 = 0. Suppose -p = -5*c - 17. What is the tens digit of c?
1
Suppose -8 = -4*x - 0*x. Suppose 5*q = -20, x*y = 4*q + 20 + 26. What is the tens digit of y?
1
Let j(s) = s**3 + 8*s**2 - s. What is the units digit of j(-5)?
0
Let y(f) = f**3 + 4*f**2 - 2. Let t = 4 + -7. What is the units digit of y(t)?
7
Let y be 2/(-4) + (-2)/(-4). Suppose 5*z = -y*u - 2*u + 14, 0 = -3*u + z + 38. What is the tens digit of (u + -1)*(-1 - -2)?
1
Let x(f) = -4*f - 5. What is the tens digit of x(-6)?
1
Let q(k) be the second derivative of 0 + 8/3*k**3 - 1/2*k**2 - 3*k. What is the units digit of q(1)?
5
Let k(g) = g**3 + 6*g**2 + 5*g + 2. Suppose 3 - 12 = a - 3*x, 0 = -3*a - 4*x - 66. Let m = a + 13. What is the units digit of k(m)?
2
Let o = -2 + 2. Let h = o + 4. What is the units digit of h?
4
Let y(n) = -n**2 - 9*n - 3*n - 32*n**3 + 11*n. What is the tens digit of y(-1)?
3
What is the units digit of (6 - -57) + (-2 - -1)?
2
Let j be 2/6*15*1. Let s = -1 - j. Let a = s + 12. What is the units digit of a?
6
Suppose -1 - 4 = -5*g. Suppose j = g + 1, 0 = i - 2*j - 41. What is the tens digit of 4/(-16) - i/(-4)?
1
Let j = -51 - -87. Let l(k) = k**2 + 3*k. Let h be l(-4). Suppose -h*t = -t - j. What is the tens digit of t?
1
What is the units digit of (-2 - 1106)*(-13)/52?
7
Suppose -6*z - 6 = -7*z. Let h = z + -5. What is the units digit of h?
1
Suppose -2*c = -4*l + 6*l + 20, -5*l + 30 = -5*c. Let o be (-1)/((1 - 0)/c). Suppose 0 = -3*s + o*s - 95. What is the units digit of s?
9
Let c(f) = f**3 + 4*f**2 - 7*f - 8. Let b be c(-5). What is the units digit of (-6)/6 + (b - -1)?
2
Let u = -8 - -2. What is the units digit of 20/u*(-45)/10?
5
Let o be 0*1/1*1. What is the tens digit of (2 + o)*(-60)/(-8)?
1
Let z = -3 - -3. Suppose -2*p + z*p = 5*f - 52, -p = 2*f - 24. What is the units digit of (-3)/(-6)*(0 + p)?
8
Let j(y) = -y**2 + 4. Let b be j(0). Let f be (-1)/b + 26/8. Suppose 0*w - f*w + 3 = 0. What is the units digit of w?
1
Suppose 0*f + 5*f - 1705 = 0. What is the hundreds digit of f?
3
Suppose 3*l - l - 6 = 2*v, 5*v = 2*l - 15. What is the units digit of 1 - (v + 1 + 1)?
2
Let k(c) = c**2 - 5*c - 3. Let t be k(6). Suppose 15 = -t*b, 2*b + 10 + 4 = 2*m. Suppose f - 27 = -2*g - 4*f, -2*g = m*f - 18. What is the units digit of g?
6
Let p(o) = 4*o**2 - 7*o - 1. What is the tens digit of p(7)?
4
Let z = 328 - 171. What is the hundreds digit of z?
1
Let y be (-20)/8*4/(-5). Suppose q = -q + y. What is the units digit of 6 - (-3 - q - -1)?
9
Suppose 0 = d + d - 82. Let x = -8 + d. What is the tens digit of x?
3
Let a(c) = -c**3 - 14*c**2 - 17*c + 2. What is the tens digit of a(-13)?
5
Let a(j) = 2*j**3 - 5*j**2 + 4*j - 3. Let z be a(3). Suppose -b + 4 = -v, -b - 3*b + z = -5*v. Suppose 0 = -u - b*u + 9. What is the units digit of u?
3
Let f(k) = 3*k + 0*k - k - k**3 + 5*k**2 - 1. What is the units digit of f(5)?
9
Suppose -4*y = -y. Suppose 5*p - f - 25 = 18, 4*p - 4*f - 28 = y. Suppose 4*m - 2*n - 6 = -0*m, n = -4*m + p. What is the units digit of m?
2
Suppose -4*t = -f - 214, -2*f = -t - 0*f + 50. What is the units digit of t?
4
Suppose -b + 20 = 2*d, -4*b = d - 2*d - 125. Suppose 5*c - 2*n - b = 2*n, 0 = -5*n + 25. What is the units digit of c?
0
Suppose 5*j = 5*k - 355, -7*k - 5*j = -4*k - 189. What is the tens digit of k?
6
Let u = 21 + -13. Suppose -2*l + 3*p = -1, -l + 0*p + 8 = p. What is the units digit of l/4 - 2/u?
1
Let w(p) = 2*p + 7. Let f be w(-5). What is the units digit of ((-1)/f)/(4/228)?
9
Suppose -t + w +